[INFO] fetching crate snarkvm-curves 0.2.2...
[INFO] building snarkvm-curves-0.2.2 against master#ff34b919075f35a1787659e9c448a34b06bab8de for issue-85264
[INFO] extracting crate snarkvm-curves 0.2.2 into /workspace/builds/worker-15/source
[INFO] validating manifest of crates.io crate snarkvm-curves 0.2.2 on toolchain ff34b919075f35a1787659e9c448a34b06bab8de
[INFO] running `Command { std: "/workspace/cargo-home/bin/cargo" "+ff34b919075f35a1787659e9c448a34b06bab8de" "metadata" "--manifest-path" "Cargo.toml" "--no-deps", kill_on_drop: false }`
[INFO] started tweaking crates.io crate snarkvm-curves 0.2.2
[INFO] finished tweaking crates.io crate snarkvm-curves 0.2.2
[INFO] tweaked toml for crates.io crate snarkvm-curves 0.2.2 written to /workspace/builds/worker-15/source/Cargo.toml
[INFO] running `Command { std: "/workspace/cargo-home/bin/cargo" "+ff34b919075f35a1787659e9c448a34b06bab8de" "generate-lockfile" "--manifest-path" "Cargo.toml" "-Zno-index-update", kill_on_drop: false }`
[INFO] [stderr]     Blocking waiting for file lock on package cache
[INFO] running `Command { std: "/workspace/cargo-home/bin/cargo" "+ff34b919075f35a1787659e9c448a34b06bab8de" "fetch" "--manifest-path" "Cargo.toml", kill_on_drop: false }`
[INFO] running `Command { std: "docker" "create" "-v" "/var/lib/crater-agent-workspace/builds/worker-15/target:/opt/rustwide/target:rw,Z" "-v" "/var/lib/crater-agent-workspace/builds/worker-15/source:/opt/rustwide/workdir:ro,Z" "-v" "/var/lib/crater-agent-workspace/cargo-home:/opt/rustwide/cargo-home:ro,Z" "-v" "/var/lib/crater-agent-workspace/rustup-home:/opt/rustwide/rustup-home:ro,Z" "-e" "SOURCE_DIR=/opt/rustwide/workdir" "-e" "CARGO_TARGET_DIR=/opt/rustwide/target" "-e" "CARGO_HOME=/opt/rustwide/cargo-home" "-e" "RUSTUP_HOME=/opt/rustwide/rustup-home" "-w" "/opt/rustwide/workdir" "-m" "1610612736" "--user" "0:0" "--network" "none" "ghcr.io/rust-lang/crates-build-env/linux@sha256:20528e8c29e4536546f0102ce88568b16ea7538393a33fcca951030f7af10457" "/opt/rustwide/cargo-home/bin/cargo" "+ff34b919075f35a1787659e9c448a34b06bab8de" "metadata" "--no-deps" "--format-version=1", kill_on_drop: false }`
[INFO] [stdout] 78f6d25625856d656ad9fe500bd484ea0d89d341b10ef2c01cfd1de2719c49e1
[INFO] [stderr] WARNING: Your kernel does not support swap limit capabilities or the cgroup is not mounted. Memory limited without swap.
[INFO] running `Command { std: "docker" "start" "-a" "78f6d25625856d656ad9fe500bd484ea0d89d341b10ef2c01cfd1de2719c49e1", kill_on_drop: false }`
[INFO] running `Command { std: "docker" "inspect" "78f6d25625856d656ad9fe500bd484ea0d89d341b10ef2c01cfd1de2719c49e1", kill_on_drop: false }`
[INFO] running `Command { std: "docker" "rm" "-f" "78f6d25625856d656ad9fe500bd484ea0d89d341b10ef2c01cfd1de2719c49e1", kill_on_drop: false }`
[INFO] [stdout] 78f6d25625856d656ad9fe500bd484ea0d89d341b10ef2c01cfd1de2719c49e1
[INFO] running `Command { std: "docker" "create" "-v" "/var/lib/crater-agent-workspace/builds/worker-15/target:/opt/rustwide/target:rw,Z" "-v" "/var/lib/crater-agent-workspace/builds/worker-15/source:/opt/rustwide/workdir:ro,Z" "-v" "/var/lib/crater-agent-workspace/cargo-home:/opt/rustwide/cargo-home:ro,Z" "-v" "/var/lib/crater-agent-workspace/rustup-home:/opt/rustwide/rustup-home:ro,Z" "-e" "SOURCE_DIR=/opt/rustwide/workdir" "-e" "CARGO_TARGET_DIR=/opt/rustwide/target" "-e" "CARGO_INCREMENTAL=0" "-e" "RUST_BACKTRACE=full" "-e" "RUSTFLAGS=--cap-lints=forbid" "-e" "CARGO_HOME=/opt/rustwide/cargo-home" "-e" "RUSTUP_HOME=/opt/rustwide/rustup-home" "-w" "/opt/rustwide/workdir" "-m" "1610612736" "--user" "0:0" "--network" "none" "ghcr.io/rust-lang/crates-build-env/linux@sha256:20528e8c29e4536546f0102ce88568b16ea7538393a33fcca951030f7af10457" "/opt/rustwide/cargo-home/bin/cargo" "+ff34b919075f35a1787659e9c448a34b06bab8de" "build" "--frozen" "--message-format=json", kill_on_drop: false }`
[INFO] [stdout] 906fc3c81253d03ad1bc84c4a926b6cc94bb19aa4c93a37902c6a4fe2ea7204e
[INFO] [stderr] WARNING: Your kernel does not support swap limit capabilities or the cgroup is not mounted. Memory limited without swap.
[INFO] running `Command { std: "docker" "start" "-a" "906fc3c81253d03ad1bc84c4a926b6cc94bb19aa4c93a37902c6a4fe2ea7204e", kill_on_drop: false }`
[INFO] [stderr]    Compiling syn v1.0.72
[INFO] [stderr]    Compiling serde_derive v1.0.126
[INFO] [stderr]    Compiling thiserror-impl v1.0.25
[INFO] [stderr]    Compiling derivative v2.2.0
[INFO] [stderr]    Compiling thiserror v1.0.25
[INFO] [stderr]    Compiling serde v1.0.126
[INFO] [stderr]    Compiling toml v0.5.8
[INFO] [stderr]    Compiling bincode v1.3.3
[INFO] [stderr]    Compiling proc-macro-crate v0.1.5
[INFO] [stderr]    Compiling snarkvm-derives v0.2.3
[INFO] [stderr]    Compiling snarkvm-utilities v0.2.3
[INFO] [stderr]    Compiling snarkvm-fields v0.2.3
[INFO] [stderr]    Compiling snarkvm-curves v0.2.2 (/opt/rustwide/workdir)
[INFO] [stderr]     Finished dev [unoptimized + debuginfo] target(s) in 38.05s
[INFO] running `Command { std: "docker" "inspect" "906fc3c81253d03ad1bc84c4a926b6cc94bb19aa4c93a37902c6a4fe2ea7204e", kill_on_drop: false }`
[INFO] running `Command { std: "docker" "rm" "-f" "906fc3c81253d03ad1bc84c4a926b6cc94bb19aa4c93a37902c6a4fe2ea7204e", kill_on_drop: false }`
[INFO] [stdout] 906fc3c81253d03ad1bc84c4a926b6cc94bb19aa4c93a37902c6a4fe2ea7204e
[INFO] running `Command { std: "docker" "create" "-v" "/var/lib/crater-agent-workspace/builds/worker-15/target:/opt/rustwide/target:rw,Z" "-v" "/var/lib/crater-agent-workspace/builds/worker-15/source:/opt/rustwide/workdir:ro,Z" "-v" "/var/lib/crater-agent-workspace/cargo-home:/opt/rustwide/cargo-home:ro,Z" "-v" "/var/lib/crater-agent-workspace/rustup-home:/opt/rustwide/rustup-home:ro,Z" "-e" "SOURCE_DIR=/opt/rustwide/workdir" "-e" "CARGO_TARGET_DIR=/opt/rustwide/target" "-e" "CARGO_INCREMENTAL=0" "-e" "RUST_BACKTRACE=full" "-e" "RUSTFLAGS=--cap-lints=forbid" "-e" "CARGO_HOME=/opt/rustwide/cargo-home" "-e" "RUSTUP_HOME=/opt/rustwide/rustup-home" "-w" "/opt/rustwide/workdir" "-m" "1610612736" "--user" "0:0" "--network" "none" "ghcr.io/rust-lang/crates-build-env/linux@sha256:20528e8c29e4536546f0102ce88568b16ea7538393a33fcca951030f7af10457" "/opt/rustwide/cargo-home/bin/cargo" "+ff34b919075f35a1787659e9c448a34b06bab8de" "test" "--frozen" "--no-run" "--message-format=json", kill_on_drop: false }`
[INFO] [stdout] 8c8693a853b0ccdfee060519a317f6dd61b942f4bfb9dd05e36635c356528f66
[INFO] [stderr] WARNING: Your kernel does not support swap limit capabilities or the cgroup is not mounted. Memory limited without swap.
[INFO] running `Command { std: "docker" "start" "-a" "8c8693a853b0ccdfee060519a317f6dd61b942f4bfb9dd05e36635c356528f66", kill_on_drop: false }`
[INFO] [stderr]     Blocking waiting for file lock on package cache
[INFO] [stderr]     Blocking waiting for file lock on package cache
[INFO] [stderr]     Blocking waiting for file lock on package cache
[INFO] [stderr]    Compiling ucd-trie v0.1.3
[INFO] [stderr]    Compiling crossbeam-utils v0.8.5
[INFO] [stderr]    Compiling libc v0.2.95
[INFO] [stderr]    Compiling crossbeam-epoch v0.9.5
[INFO] [stderr]    Compiling rayon-core v1.9.1
[INFO] [stderr]    Compiling itoa v0.4.7
[INFO] [stderr]    Compiling serde_json v1.0.64
[INFO] [stderr]    Compiling bitflags v1.2.1
[INFO] [stderr]    Compiling unicode-width v0.1.8
[INFO] [stderr]    Compiling half v1.7.1
[INFO] [stderr]    Compiling same-file v1.0.6
[INFO] [stderr]    Compiling memoffset v0.6.4
[INFO] [stderr]    Compiling num-traits v0.2.14
[INFO] [stderr]    Compiling rayon v1.5.1
[INFO] [stderr]    Compiling bstr v0.2.16
[INFO] [stderr]    Compiling textwrap v0.11.0
[INFO] [stderr]    Compiling walkdir v2.3.2
[INFO] [stderr]    Compiling pest v2.1.3
[INFO] [stderr]    Compiling serde_cbor v0.11.1
[INFO] [stderr]    Compiling clap v2.33.3
[INFO] [stderr]    Compiling csv v1.1.6
[INFO] [stderr]    Compiling crossbeam-channel v0.5.1
[INFO] [stderr]    Compiling crossbeam-deque v0.8.0
[INFO] [stderr]    Compiling num_cpus v1.13.0
[INFO] [stderr]    Compiling atty v0.2.14
[INFO] [stderr]    Compiling semver-parser v0.10.2
[INFO] [stderr]    Compiling plotters v0.3.1
[INFO] [stderr]    Compiling tinytemplate v1.2.1
[INFO] [stderr]    Compiling semver v0.11.0
[INFO] [stderr]    Compiling rustc_version v0.3.3
[INFO] [stderr]    Compiling cast v0.2.6
[INFO] [stderr]    Compiling criterion-plot v0.4.3
[INFO] [stderr]    Compiling criterion v0.3.4
[INFO] [stderr]    Compiling snarkvm-curves v0.2.2 (/opt/rustwide/workdir)
[INFO] [stdout] error[E0432]: unresolved import `rand::thread_rng`
[INFO] [stdout]   --> src/edwards_bls12/tests.rs:39:5
[INFO] [stdout]    |
[INFO] [stdout] 39 | use rand::thread_rng;
[INFO] [stdout]    |     ^^^^^^^^^^^^^^^^ no `thread_rng` in the root
[INFO] [stdout] 
[INFO] [stdout] 
[INFO] [stdout] error[E0425]: cannot find function `random` in crate `rand`
[INFO] [stdout]   --> src/bls12_377/tests.rs:75:27
[INFO] [stdout]    |
[INFO] [stdout] 75 |         let a: Fr = rand::random();
[INFO] [stdout]    |                           ^^^^^^ not found in `rand`
[INFO] [stdout] 
[INFO] [stdout] 
[INFO] [stdout] error[E0425]: cannot find function `random` in crate `rand`
[INFO] [stdout]   --> src/bls12_377/tests.rs:76:27
[INFO] [stdout]    |
[INFO] [stdout] 76 |         let b: Fr = rand::random();
[INFO] [stdout]    |                           ^^^^^^ not found in `rand`
[INFO] [stdout] 
[INFO] [stdout] 
[INFO] [stdout] error[E0425]: cannot find function `random` in crate `rand`
[INFO] [stdout]   --> src/bls12_377/tests.rs:87:27
[INFO] [stdout]    |
[INFO] [stdout] 87 |         let a: Fq = rand::random();
[INFO] [stdout]    |                           ^^^^^^ not found in `rand`
[INFO] [stdout] 
[INFO] [stdout] 
[INFO] [stdout] error[E0425]: cannot find function `random` in crate `rand`
[INFO] [stdout]   --> src/bls12_377/tests.rs:88:27
[INFO] [stdout]    |
[INFO] [stdout] 88 |         let b: Fq = rand::random();
[INFO] [stdout]    |                           ^^^^^^ not found in `rand`
[INFO] [stdout] 
[INFO] [stdout] 
[INFO] [stdout] error[E0425]: cannot find function `random` in crate `rand`
[INFO] [stdout]   --> src/bls12_377/tests.rs:99:28
[INFO] [stdout]    |
[INFO] [stdout] 99 |         let a: Fq2 = rand::random();
[INFO] [stdout]    |                            ^^^^^^ not found in `rand`
[INFO] [stdout] 
[INFO] [stdout] 
[INFO] [stdout] error[E0425]: cannot find function `random` in crate `rand`
[INFO] [stdout]    --> src/bls12_377/tests.rs:100:28
[INFO] [stdout]     |
[INFO] [stdout] 100 |         let b: Fq2 = rand::random();
[INFO] [stdout]     |                            ^^^^^^ not found in `rand`
[INFO] [stdout] 
[INFO] [stdout] 
[INFO] [stdout] error[E0425]: cannot find function `random` in crate `rand`
[INFO] [stdout]    --> src/bls12_377/tests.rs:111:28
[INFO] [stdout]     |
[INFO] [stdout] 111 |         let g: Fq6 = rand::random();
[INFO] [stdout]     |                            ^^^^^^ not found in `rand`
[INFO] [stdout] 
[INFO] [stdout] 
[INFO] [stdout] error[E0425]: cannot find function `random` in crate `rand`
[INFO] [stdout]    --> src/bls12_377/tests.rs:112:28
[INFO] [stdout]     |
[INFO] [stdout] 112 |         let h: Fq6 = rand::random();
[INFO] [stdout]     |                            ^^^^^^ not found in `rand`
[INFO] [stdout] 
[INFO] [stdout] 
[INFO] [stdout] error[E0425]: cannot find function `random` in crate `rand`
[INFO] [stdout]    --> src/bls12_377/tests.rs:122:29
[INFO] [stdout]     |
[INFO] [stdout] 122 |         let g: Fq12 = rand::random();
[INFO] [stdout]     |                             ^^^^^^ not found in `rand`
[INFO] [stdout] 
[INFO] [stdout] 
[INFO] [stdout] error[E0425]: cannot find function `random` in crate `rand`
[INFO] [stdout]    --> src/bls12_377/tests.rs:123:29
[INFO] [stdout]     |
[INFO] [stdout] 123 |         let h: Fq12 = rand::random();
[INFO] [stdout]     |                             ^^^^^^ not found in `rand`
[INFO] [stdout] 
[INFO] [stdout] 
[INFO] [stdout] error[E0425]: cannot find function `random` in crate `rand`
[INFO] [stdout]    --> src/bls12_377/tests.rs:569:33
[INFO] [stdout]     |
[INFO] [stdout] 569 |     let a: G1Projective = rand::random();
[INFO] [stdout]     |                                 ^^^^^^ not found in `rand`
[INFO] [stdout] 
[INFO] [stdout] 
[INFO] [stdout] error[E0425]: cannot find function `random` in crate `rand`
[INFO] [stdout]    --> src/bls12_377/tests.rs:570:33
[INFO] [stdout]     |
[INFO] [stdout] 570 |     let b: G1Projective = rand::random();
[INFO] [stdout]     |                                 ^^^^^^ not found in `rand`
[INFO] [stdout] 
[INFO] [stdout] 
[INFO] [stdout] error[E0425]: cannot find function `random` in crate `rand`
[INFO] [stdout]    --> src/bls12_377/tests.rs:589:33
[INFO] [stdout]     |
[INFO] [stdout] 589 |     let a: G2Projective = rand::random();
[INFO] [stdout]     |                                 ^^^^^^ not found in `rand`
[INFO] [stdout] 
[INFO] [stdout] 
[INFO] [stdout] error[E0425]: cannot find function `random` in crate `rand`
[INFO] [stdout]    --> src/bls12_377/tests.rs:590:33
[INFO] [stdout]     |
[INFO] [stdout] 590 |     let b: G2Projective = rand::random();
[INFO] [stdout]     |                                 ^^^^^^ not found in `rand`
[INFO] [stdout] 
[INFO] [stdout] 
[INFO] [stdout] error[E0425]: cannot find function `random` in crate `rand`
[INFO] [stdout]    --> src/bls12_377/tests.rs:603:33
[INFO] [stdout]     |
[INFO] [stdout] 603 |     let a: G1Projective = rand::random();
[INFO] [stdout]     |                                 ^^^^^^ not found in `rand`
[INFO] [stdout] 
[INFO] [stdout] 
[INFO] [stdout] error[E0425]: cannot find function `random` in crate `rand`
[INFO] [stdout]    --> src/bls12_377/tests.rs:604:33
[INFO] [stdout]     |
[INFO] [stdout] 604 |     let b: G2Projective = rand::random();
[INFO] [stdout]     |                                 ^^^^^^ not found in `rand`
[INFO] [stdout] 
[INFO] [stdout] 
[INFO] [stdout] error[E0425]: cannot find function `random` in crate `rand`
[INFO] [stdout]    --> src/bls12_377/tests.rs:605:23
[INFO] [stdout]     |
[INFO] [stdout] 605 |     let s: Fr = rand::random();
[INFO] [stdout]     |                       ^^^^^^ not found in `rand`
[INFO] [stdout] 
[INFO] [stdout] 
[INFO] [stdout] error[E0425]: cannot find function `random` in crate `rand`
[INFO] [stdout]   --> src/bw6_761/tests.rs:43:23
[INFO] [stdout]    |
[INFO] [stdout] 43 |     let a: Fr = rand::random();
[INFO] [stdout]    |                       ^^^^^^ not found in `rand`
[INFO] [stdout] 
[INFO] [stdout] 
[INFO] [stdout] error[E0425]: cannot find function `random` in crate `rand`
[INFO] [stdout]   --> src/bw6_761/tests.rs:44:23
[INFO] [stdout]    |
[INFO] [stdout] 44 |     let b: Fr = rand::random();
[INFO] [stdout]    |                       ^^^^^^ not found in `rand`
[INFO] [stdout] 
[INFO] [stdout] 
[INFO] [stdout] error[E0425]: cannot find function `random` in crate `rand`
[INFO] [stdout]   --> src/bw6_761/tests.rs:52:23
[INFO] [stdout]    |
[INFO] [stdout] 52 |     let a: Fq = rand::random();
[INFO] [stdout]    |                       ^^^^^^ not found in `rand`
[INFO] [stdout] 
[INFO] [stdout] 
[INFO] [stdout] error[E0425]: cannot find function `random` in crate `rand`
[INFO] [stdout]   --> src/bw6_761/tests.rs:53:23
[INFO] [stdout]    |
[INFO] [stdout] 53 |     let b: Fq = rand::random();
[INFO] [stdout]    |                       ^^^^^^ not found in `rand`
[INFO] [stdout] 
[INFO] [stdout] 
[INFO] [stdout] error[E0425]: cannot find function `random` in crate `rand`
[INFO] [stdout]   --> src/bw6_761/tests.rs:62:24
[INFO] [stdout]    |
[INFO] [stdout] 62 |     let a: Fq3 = rand::random();
[INFO] [stdout]    |                        ^^^^^^ not found in `rand`
[INFO] [stdout] 
[INFO] [stdout] 
[INFO] [stdout] error[E0425]: cannot find function `random` in crate `rand`
[INFO] [stdout]   --> src/bw6_761/tests.rs:63:24
[INFO] [stdout]    |
[INFO] [stdout] 63 |     let b: Fq3 = rand::random();
[INFO] [stdout]    |                        ^^^^^^ not found in `rand`
[INFO] [stdout] 
[INFO] [stdout] 
[INFO] [stdout] error[E0425]: cannot find function `random` in crate `rand`
[INFO] [stdout]   --> src/bw6_761/tests.rs:71:24
[INFO] [stdout]    |
[INFO] [stdout] 71 |     let a: Fq6 = rand::random();
[INFO] [stdout]    |                        ^^^^^^ not found in `rand`
[INFO] [stdout] 
[INFO] [stdout] 
[INFO] [stdout] error[E0425]: cannot find function `random` in crate `rand`
[INFO] [stdout]   --> src/bw6_761/tests.rs:72:24
[INFO] [stdout]    |
[INFO] [stdout] 72 |     let b: Fq6 = rand::random();
[INFO] [stdout]    |                        ^^^^^^ not found in `rand`
[INFO] [stdout] 
[INFO] [stdout] 
[INFO] [stdout] error[E0425]: cannot find function `random` in crate `rand`
[INFO] [stdout]   --> src/bw6_761/tests.rs:86:33
[INFO] [stdout]    |
[INFO] [stdout] 86 |     let a: G1Projective = rand::random();
[INFO] [stdout]    |                                 ^^^^^^ not found in `rand`
[INFO] [stdout] 
[INFO] [stdout] 
[INFO] [stdout] error[E0425]: cannot find function `random` in crate `rand`
[INFO] [stdout]   --> src/bw6_761/tests.rs:87:33
[INFO] [stdout]    |
[INFO] [stdout] 87 |     let b: G1Projective = rand::random();
[INFO] [stdout]    |                                 ^^^^^^ not found in `rand`
[INFO] [stdout] 
[INFO] [stdout] 
[INFO] [stdout] error[E0425]: cannot find function `random` in crate `rand`
[INFO] [stdout]    --> src/bw6_761/tests.rs:107:33
[INFO] [stdout]     |
[INFO] [stdout] 107 |     let a: G2Projective = rand::random();
[INFO] [stdout]     |                                 ^^^^^^ not found in `rand`
[INFO] [stdout] 
[INFO] [stdout] 
[INFO] [stdout] error[E0425]: cannot find function `random` in crate `rand`
[INFO] [stdout]    --> src/bw6_761/tests.rs:108:33
[INFO] [stdout]     |
[INFO] [stdout] 108 |     let b: G2Projective = rand::random();
[INFO] [stdout]     |                                 ^^^^^^ not found in `rand`
[INFO] [stdout] 
[INFO] [stdout] 
[INFO] [stdout] error[E0425]: cannot find function `random` in crate `rand`
[INFO] [stdout]    --> src/bw6_761/tests.rs:121:33
[INFO] [stdout]     |
[INFO] [stdout] 121 |     let a: G1Projective = rand::random();
[INFO] [stdout]     |                                 ^^^^^^ not found in `rand`
[INFO] [stdout] 
[INFO] [stdout] 
[INFO] [stdout] error[E0425]: cannot find function `random` in crate `rand`
[INFO] [stdout]    --> src/bw6_761/tests.rs:122:33
[INFO] [stdout]     |
[INFO] [stdout] 122 |     let b: G2Projective = rand::random();
[INFO] [stdout]     |                                 ^^^^^^ not found in `rand`
[INFO] [stdout] 
[INFO] [stdout] 
[INFO] [stdout] error[E0425]: cannot find function `random` in crate `rand`
[INFO] [stdout]    --> src/bw6_761/tests.rs:123:23
[INFO] [stdout]     |
[INFO] [stdout] 123 |     let s: Fr = rand::random();
[INFO] [stdout]     |                       ^^^^^^ not found in `rand`
[INFO] [stdout] 
[INFO] [stdout] 
[INFO] [stdout] error[E0425]: cannot find function `random` in crate `rand`
[INFO] [stdout]   --> src/edwards_bls12/tests.rs:43:23
[INFO] [stdout]    |
[INFO] [stdout] 43 |     let a: Fr = rand::random();
[INFO] [stdout]    |                       ^^^^^^ not found in `rand`
[INFO] [stdout] 
[INFO] [stdout] 
[INFO] [stdout] error[E0425]: cannot find function `random` in crate `rand`
[INFO] [stdout]   --> src/edwards_bls12/tests.rs:44:23
[INFO] [stdout]    |
[INFO] [stdout] 44 |     let b: Fr = rand::random();
[INFO] [stdout]    |                       ^^^^^^ not found in `rand`
[INFO] [stdout] 
[INFO] [stdout] 
[INFO] [stdout] error[E0425]: cannot find function `random` in crate `rand`
[INFO] [stdout]   --> src/edwards_bls12/tests.rs:52:23
[INFO] [stdout]    |
[INFO] [stdout] 52 |     let a: Fq = rand::random();
[INFO] [stdout]    |                       ^^^^^^ not found in `rand`
[INFO] [stdout] 
[INFO] [stdout] 
[INFO] [stdout] error[E0425]: cannot find function `random` in crate `rand`
[INFO] [stdout]   --> src/edwards_bls12/tests.rs:53:23
[INFO] [stdout]    |
[INFO] [stdout] 53 |     let b: Fq = rand::random();
[INFO] [stdout]    |                       ^^^^^^ not found in `rand`
[INFO] [stdout] 
[INFO] [stdout] 
[INFO] [stdout] error[E0425]: cannot find function `random` in crate `rand`
[INFO] [stdout]   --> src/edwards_bls12/tests.rs:68:23
[INFO] [stdout]    |
[INFO] [stdout] 68 |         let a = rand::random();
[INFO] [stdout]    |                       ^^^^^^ not found in `rand`
[INFO] [stdout] 
[INFO] [stdout] 
[INFO] [stdout] error[E0425]: cannot find function `random` in crate `rand`
[INFO] [stdout]   --> src/edwards_bls12/tests.rs:69:23
[INFO] [stdout]    |
[INFO] [stdout] 69 |         let b = rand::random();
[INFO] [stdout]    |                       ^^^^^^ not found in `rand`
[INFO] [stdout] 
[INFO] [stdout] 
[INFO] [stdout] error[E0425]: cannot find function `random` in crate `rand`
[INFO] [stdout]   --> src/edwards_bls12/tests.rs:77:38
[INFO] [stdout]    |
[INFO] [stdout] 77 |         let a: EdwardsAffine = rand::random();
[INFO] [stdout]    |                                      ^^^^^^ not found in `rand`
[INFO] [stdout] 
[INFO] [stdout] 
[INFO] [stdout] error[E0425]: cannot find function `random` in crate `rand`
[INFO] [stdout]   --> src/edwards_bls12/tests.rs:78:38
[INFO] [stdout]    |
[INFO] [stdout] 78 |         let b: EdwardsAffine = rand::random();
[INFO] [stdout]    |                                      ^^^^^^ not found in `rand`
[INFO] [stdout] 
[INFO] [stdout] 
[INFO] [stdout] error[E0425]: cannot find function `random` in crate `rand`
[INFO] [stdout]   --> src/edwards_bls12/tests.rs:92:34
[INFO] [stdout]    |
[INFO] [stdout] 92 |     let a: EdwardsAffine = rand::random();
[INFO] [stdout]    |                                  ^^^^^^ not found in `rand`
[INFO] [stdout] 
[INFO] [stdout] 
[INFO] [stdout] error[E0425]: cannot find function `random` in crate `rand`
[INFO] [stdout]   --> src/edwards_bls12/tests.rs:93:34
[INFO] [stdout]    |
[INFO] [stdout] 93 |     let b: EdwardsAffine = rand::random();
[INFO] [stdout]    |                                  ^^^^^^ not found in `rand`
[INFO] [stdout] 
[INFO] [stdout] 
[INFO] [stdout] error[E0425]: cannot find function `random` in crate `rand`
[INFO] [stdout]    --> src/edwards_bls12/tests.rs:111:34
[INFO] [stdout]     |
[INFO] [stdout] 111 |     let a: EdwardsAffine = rand::random();
[INFO] [stdout]     |                                  ^^^^^^ not found in `rand`
[INFO] [stdout] 
[INFO] [stdout] 
[INFO] [stdout] error[E0425]: cannot find function `random` in crate `rand`
[INFO] [stdout]   --> src/edwards_sw6/tests.rs:26:23
[INFO] [stdout]    |
[INFO] [stdout] 26 |     let a: Fr = rand::random();
[INFO] [stdout]    |                       ^^^^^^ not found in `rand`
[INFO] [stdout] 
[INFO] [stdout] 
[INFO] [stdout] error[E0425]: cannot find function `random` in crate `rand`
[INFO] [stdout]   --> src/edwards_sw6/tests.rs:27:23
[INFO] [stdout]    |
[INFO] [stdout] 27 |     let b: Fr = rand::random();
[INFO] [stdout]    |                       ^^^^^^ not found in `rand`
[INFO] [stdout] 
[INFO] [stdout] 
[INFO] [stdout] error[E0425]: cannot find function `random` in crate `rand`
[INFO] [stdout]   --> src/edwards_sw6/tests.rs:35:23
[INFO] [stdout]    |
[INFO] [stdout] 35 |     let a: Fq = rand::random();
[INFO] [stdout]    |                       ^^^^^^ not found in `rand`
[INFO] [stdout] 
[INFO] [stdout] 
[INFO] [stdout] error[E0425]: cannot find function `random` in crate `rand`
[INFO] [stdout]   --> src/edwards_sw6/tests.rs:36:23
[INFO] [stdout]    |
[INFO] [stdout] 36 |     let b: Fq = rand::random();
[INFO] [stdout]    |                       ^^^^^^ not found in `rand`
[INFO] [stdout] 
[INFO] [stdout] 
[INFO] [stdout] error[E0425]: cannot find function `random` in crate `rand`
[INFO] [stdout]   --> src/edwards_sw6/tests.rs:51:23
[INFO] [stdout]    |
[INFO] [stdout] 51 |         let a = rand::random();
[INFO] [stdout]    |                       ^^^^^^ not found in `rand`
[INFO] [stdout] 
[INFO] [stdout] 
[INFO] [stdout] error[E0425]: cannot find function `random` in crate `rand`
[INFO] [stdout]   --> src/edwards_sw6/tests.rs:52:23
[INFO] [stdout]    |
[INFO] [stdout] 52 |         let b = rand::random();
[INFO] [stdout]    |                       ^^^^^^ not found in `rand`
[INFO] [stdout] 
[INFO] [stdout] 
[INFO] [stdout] error[E0425]: cannot find function `random` in crate `rand`
[INFO] [stdout]   --> src/edwards_sw6/tests.rs:60:38
[INFO] [stdout]    |
[INFO] [stdout] 60 |         let a: EdwardsAffine = rand::random();
[INFO] [stdout]    |                                      ^^^^^^ not found in `rand`
[INFO] [stdout] 
[INFO] [stdout] 
[INFO] [stdout] error[E0425]: cannot find function `random` in crate `rand`
[INFO] [stdout]   --> src/edwards_sw6/tests.rs:61:38
[INFO] [stdout]    |
[INFO] [stdout] 61 |         let b: EdwardsAffine = rand::random();
[INFO] [stdout]    |                                      ^^^^^^ not found in `rand`
[INFO] [stdout] 
[INFO] [stdout] 
[INFO] [stdout] error[E0425]: cannot find function `random` in crate `rand`
[INFO] [stdout]   --> src/edwards_sw6/tests.rs:75:34
[INFO] [stdout]    |
[INFO] [stdout] 75 |     let a: EdwardsAffine = rand::random();
[INFO] [stdout]    |                                  ^^^^^^ not found in `rand`
[INFO] [stdout] 
[INFO] [stdout] 
[INFO] [stdout] error[E0425]: cannot find function `random` in crate `rand`
[INFO] [stdout]   --> src/edwards_sw6/tests.rs:76:34
[INFO] [stdout]    |
[INFO] [stdout] 76 |     let b: EdwardsAffine = rand::random();
[INFO] [stdout]    |                                  ^^^^^^ not found in `rand`
[INFO] [stdout] 
[INFO] [stdout] 
[INFO] [stdout] error: aborting due to 54 previous errors
[INFO] [stdout] 
[INFO] [stdout] 
[INFO] [stdout] Some errors have detailed explanations: E0425, E0432.
[INFO] [stdout] 
[INFO] [stderr] error: could not compile `snarkvm-curves`
[INFO] [stdout] For more information about an error, try `rustc --explain E0425`.
[INFO] [stdout] 
[INFO] [stderr] 
[INFO] [stderr] To learn more, run the command again with --verbose.
[INFO] running `Command { std: "docker" "inspect" "8c8693a853b0ccdfee060519a317f6dd61b942f4bfb9dd05e36635c356528f66", kill_on_drop: false }`
[INFO] running `Command { std: "docker" "rm" "-f" "8c8693a853b0ccdfee060519a317f6dd61b942f4bfb9dd05e36635c356528f66", kill_on_drop: false }`
[INFO] [stdout] 8c8693a853b0ccdfee060519a317f6dd61b942f4bfb9dd05e36635c356528f66
